0, -6*p - 4*a = -2*p - 8. Calculate the highest common factor of p and 42.
6
Let t(i) = -37*i - 6. Let l(h) = 19*h + 3. Let y(q) = -9*l(q) - 4*t(q). Let a be y(-5). Calculate the greatest common factor of 84 and a.
28
Let j be ((-1344)/5)/((-7)/(-30)*15/(-70)). What is the greatest common divisor of j and 168?
168
Let u be -2 + 52/(2 - 1). Let p(y) = 424*y - 9732. Let j be p(23). What is the highest common factor of u and j?
10
Let j = -8 - -23. Let s be (-15 - -24) + -4 - -75. Suppose -n + 7 + j = t, -s = -4*t - 2*n. What is the highest common factor of t and 27?
9
Let c = 3 - -2. Suppose c*l - l = 4*v - 64, -5*l - 17 = -2*v. Suppose -4*a = 4*b - 800, -a - 8 + 19 = 0. What is the highest common divisor of b and v?
21
Let a be (-45)/(2 - -3) + -18. Let g(u) = 2*u. Let z be g(-1). Let q be z/7*(-8 + a). What is the highest common divisor of q and 2?
2
Suppose -4*i + 3*i + 2*o = -7644, -7652 = -i + o. What is the highest common factor of 20 and i?
20
Suppose -26*c + 24*c = 16. Let l be (15/(-60))/((-2)/c). Let t(n) = -77*n**3 + 2*n**2 - n - 2. Let y be t(l). Calculate the greatest common factor of 39 and y.
39
Suppose 3*m + 504 = -v, 2*v = -7*m + 12*m - 1063. Let u be (-5)/15*(-4 + v + -2). Calculate the greatest common factor of u and 50.
25
Let x(j) = 6*j**2 - 3*j - 25. Let b be x(-10). Suppose b = 4*g - 5*q, -g + q + 751 = 4*g. Let h = g - -80. Calculate the greatest common factor of 92 and h.
46
Let k = 510 + -501. Let f be ((2 + -3)/(-9))/(1/k). Let g = 6 + -1. What is the greatest common divisor of g and f?
1
Let y be (3*53)/((-189)/(-8442)). Calculate the greatest common divisor of 268 and y.
134
Let z be (-185)/74 + 26/(-4) - -3372. Calculate the greatest common factor of z and 114.
57
Suppose 0 = -3*f + 900 + 51. Suppose 471 = 7*b + f. Calculate the greatest common divisor of 253 and b.
11
Let h be -10*(1 - 28/20). Let r be (((-5)/15)/(-7 - (-799)/114))/(-1). Calculate the highest common divisor of h and r.
2
Suppose 144*v = 140*v + 20. Suppose 21*g - v*g - 800 = 0. What is the highest common factor of 225 and g?
25
Let h(c) = -81*c**3 + 2*c**2 - 1. Let i be h(1). Let g be (-300)/i - (-2)/8. Suppose g*d = -8 + 168. What is the highest common factor of 20 and d?
20
Let v(h) = 583*h - 3408. Let x be v(12). What is the highest common divisor of 13 and x?
13
Suppose 3*b - 6 = 0, 3*a - 31 = 5*b - 14. What is the greatest common divisor of 3672 and a?
9
Suppose -10105 + 1825 = -20*z. Suppose -416*w + z*w = -500. Calculate the greatest common divisor of 20 and w.
10
Let j = 2029 + -1813. What is the greatest common factor of j and 32?
8
Suppose 19*c + 2066 - 6442 - 4554 = 0. What is the greatest common factor of 80 and c?
10
Suppose -20599 = -278*p + 3587. Let g = 40 + -107. Let i = p + g. Calculate the highest common divisor of 220 and i.
20
Let t be 2/(-8) - (13/7)/((-52)/91). Let u be 17*1*(2 + 1). What is the highest common divisor of u and t?
3
Let d(r) = -629*r - 649. Let c be d(-2). What is the greatest common divisor of 7511 and c?
203
Suppose 0 = 5*a - 3*o - 2268, 0 = 314*a - 319*a - o + 2244. What is the highest common divisor of a and 12375?
225
Let q(a) = 44*a - 15. Let k be q(6). Let y be (21/(-28))/(1 + (-20)/16). What is the highest common divisor of k and y?
3
Let z be (12/(-11))/((-34)/187). Suppose -2*a = 4*s - 252, -a = -z*a + 2*s + 594. What is the highest common divisor of a and 300?
60
Let u be (8/(-7))/((-16)/(-280)*-5). Let v(s) = 4*s**2 - 18*s + 27. Let a be v(u). What is the greatest common factor of a and 931?
19
Let p be (28/7 - 9)*28/(-14). What is the highest common factor of 7430 and p?
10
Suppose -10*y + 4732 = 7*y - 13*y. Calculate the greatest common factor of 28 and y.
7
Suppose -3*g = -t - 127, -3*g + 5*t = -2*g - 33. Let i = 47 - g. Let r be 1/((2/(-188))/((-2)/i)). What is the highest common factor of 47 and r?
47
Let a = -1532 + 1674. Calculate the highest common divisor of 11786 and a.
142
Let i(u) = u**2 - 18*u + 404. Let z be i(-29). What is the highest common divisor of z and 114?
57
Let d be 20/35 + 62/14 - (-234)/6. What is the highest common divisor of 352 and d?
44
Let s(x) = x**2 - 25*x + 171. Let j be s(7). Let m be 40/(-6) + (-4)/(-6). Let l = 15 + m. Calculate the highest common factor of l and j.
9
Let s be 1*(-26)/(-3)*(-1680)/(-3640). Let f(i) = 4*i**3 - 4*i**2 + 2*i. Let q be f(2). Calculate the greatest common divisor of q and s.
4
Let q be -6 + (720/18 - (19 + -7)). Calculate the highest common factor of q and 7722.
22
Let o = 3041 - 82. Calculate the highest common factor of 33 and o.
11
Let v be (385/42 - 9) + (-3238)/(-12). Suppose -4*w - w + v = -5*m, 0 = w + m - 54. Calculate the highest common factor of w and 270.
54
Let x(v) = -v**3 + 8*v**2 - 6*v + 16. Let a = 29 + 0. Let z = 36 - a. Let f be x(z). Calculate the greatest common factor of f and 253.
23
Let o(k) = -k**3 - 17*k**2 - 82*k - 20. Let l be o(-18). Suppose 3*g + 2*g = -5*a + l, -2*a + 717 = 3*g. What is the greatest common factor of 156 and a?
39
Let l be 19 + 2006/17*2. What is the highest common divisor of l and 90?
15
Let y be -1*8/(-10) + (4260370/(-50))/(-17). Calculate the greatest common factor of y and 9.
9
Suppose 9*g - 28*g = -76. Suppose -3*p - 75 = -8*p + g*o, 9*p - o - 135 = 0. What is the highest common factor of p and 375?
15
Let q(j) = -2*j**3 - j**2 + 74*j - 20. Let h be q(-7). Calculate the greatest common factor of 704 and h.
11
Let j(w) = 130 + w**2 + 2*w + 0*w - w. Let o be j(0). Let t be (4 - 1) + (-230)/(-10). Calculate the greatest common divisor of t and o.
26
Let r be ((-2)/(-8))/((-6)/(-24))*2. Let c(t) = -2*t + 56. Let i be c(-4). Calculate the highest common divisor of i and r.
2
Suppose -5*m + 56 = -134. Suppose -5*z = -3*z - 12. Suppose z*u = 9*u - 1026. What is the highest common divisor of u and m?
38
Let m(n) = n**2 + 10*n - 32. Let y be m(3). Let i be (-6)/(-2)*710/30. Suppose 15 = -2*s + i. Calculate the highest common factor of y and s.
7
Let v = -18 - 20. Let h = v + 43. Suppose -f + h*f - 24 = 0. Calculate the highest common factor of f and 54.
6
Suppose 168 = 3*t - 2*t. Let j = -390001 - -390064. What is the highest common divisor of j and t?
21
Let v be -4*(-10 + -3 + 3). Let y = v + -115. Let h be ((-4)/(-5))/(2 + 148/y). What is the highest common divisor of h and 20?
10
Let w = 623 + -622. Let c be 29/(319/132) + w + -6. Calculate the greatest common divisor of c and 35.
7
Let k = 76 + -34. Let j(s) = 3*s - 20. Let x be j(9). Let a be (-4 - (-18)/(-6))*(-6)/x. Calculate the greatest common divisor of a and k.
6
Let a(d) = 12*d**3 - d**2 - 2*d + 3. Let p be a(2). Suppose -4*i + 13 + p = 0. Let t = 761 + -696. Calculate the greatest common divisor of i and t.
13
Let h = 10 - -15. Suppose -4*o + 109 + h = -5*a, 0 = 3*o - a - 106. Calculate the greatest common divisor of 54 and o.
18
Suppose 13*l - 148 - 1022 = 0. Let a = 88 - l. Let u be a*(5 + -149)/4. What is the highest common factor of 9 and u?
9
Suppose 168*h - 171*h = 0. Suppose -2*l - 7*q = -2*q - 186, -3*l + 5*q + 304 = h. Calculate the highest common divisor of l and 245.
49
Let v be 3 + 0 - ((-24)/(-4) + (-30 - 17)). What is the greatest common factor of v and 15092?
44
Suppose 6*y + 9*y - 60 = 0. Suppose 0 = -4*g - 3*s + 252, -y*s - 72 = -g - 9. Calculate the highest common factor of g and 273.
21
Let h(v) = -94*v**3 + 93*v**3 + 15*v**2 + 34 + 5*v - 21*v. Let n be h(14). Suppose i - n = 54. Calculate the greatest common divisor of 20 and i.
20
Let h = -10 + 310. Let w = -284 + h. Calculate the greatest common divisor of w and 24.
8
Let b be (0 + 4/(-5))*9960/(-3). Calculate the greatest common divisor of 83 and b.
83
Let r(h) be the first derivative of -h**4/4 + 2*h**3 + 9*h**2/2 - 6*h - 98. Let f be r(-3). Calculate the greatest common divisor of 40 and f.
8
Let n = 227 + -80. Suppose 6*r + 2*p - 50 = 4*r, -r + 2*p + 13 = 0. What is the highest common factor of n and r?
21
Suppose -2*r + 63 = -0*z - 3*z, 0 = 4*z - 20. Suppose 0 = -13*h + 39 + r. What is the highest common divisor of 96 and h?
6
Let h(o) = -o**3 - 134*o**2 - 5*o - 666. Let w be h(-134). Let q be (134*-2 + 0)*-1. Calculate the greatest common factor of w and q.
4
Let y be (1575/51 + ((-120)/204)/(-5))*9. Calculate the greatest common factor of y and